?
5
Let o be 37*2 - (1 + 1). Suppose 4*y - 15*n + 17*n = 2688, 0 = n + 2. Let a = -664 + y. Calculate the highest common factor of a and o.
9
Let p = -8 - -36. Let n = 28 - p. Let l be (84 - 0) + (n - -4). What is the highest common divisor of 8 and l?
8
Let d = -88 - -79. Let f(x) = x**2 + 7*x - 6. Let z be f(d). Suppose 11*l + 19 = z*l. Calculate the highest common factor of l and 38.
19
Let o be -1*1*(32/(-2) - -611). Let g = o + 1399. Calculate the greatest common factor of g and 12.
12
Let j(y) = -y - 1. Let f(c) = -33*c - 27. Let i(o) = 2*f(o) - 54*j(o). Let r be i(3). Let z = -31 - r. What is the greatest common divisor of 3 and z?
1
Let a(g) = g - 20. Let w(u) = u - 10. Let v(j) = -6*a(j) + 11*w(j). Let k be v(-7). Let f be k/(-100)*(27 + 1). What is the highest common factor of 7 and f?
7
Suppose -545*n = -294*n - 41415. What is the greatest common factor of n and 6864?
33
Suppose -3*o + 9 = -0. Let h(p) = 4*p**3 + 3*p**2 - 8*p + 13. Let u be h(o). Calculate the highest common divisor of 93 and u.
31
Let c(k) = 24*k - 7. Let r(t) = -t**3 + 2*t**2 + t + 1. Let g be r(2). Let n be c(g). What is the greatest common factor of 5 and n?
5
Suppose 371 = 3*x + 66*q - 61*q, 3*q = -x + 129. What is the highest common divisor of x and 8?
1
Let k be (30/(-8))/((-6)/16). Suppose 2*l + p - 10 = 3*p, -3*l = 2*p - 15. Let h be l/35 - ((-1248)/21)/4. What is the highest common factor of h and k?
5
Suppose -3*j + 5*u - 13 + 35 = 0, 5*j - 3*u - 26 = 0. Suppose -5*v - 262 + 770 = -j*o, -2*v = -5*o - 210. What is the greatest common factor of 10 and v?
10
Suppose 4*g = g + 66. Suppose -655*r + 657*r = -28. Let w be (-454)/r + (-24)/42*-1. What is the highest common divisor of g and w?
11
Let z(d) = 6*d + 99. Let c be z(-16). Let t(m) = 106*m + 22. Let r be t(c). What is the greatest common divisor of 34 and r?
34
Let t(y) = y**3 - y - 4. Let i be t(-3). Let l = i - -45. Suppose -2*d - 6 = k - 19, 2*d = k - l. What is the greatest common factor of 5 and k?
5
Let b(y) = 4*y**3 - 2*y**2 + 6*y - 4. Let s be b(1). Suppose 0 = -2*c + s*c - 840. What is the highest common divisor of 35 and c?
35
Let t(u) be the second derivative of -u**4/12 - 7*u**3/2 + 6*u**2 + 16*u - 4. Let w be t(-21). Calculate the greatest common divisor of w and 18.
6
Let w(q) = 19*q**3 - 9*q**2 + 15*q - 24. Let h be w(5). What is the highest common factor of 71 and h?
71
Suppose -2*c = 370 - 414. Suppose -11 = s - c. What is the greatest common factor of s and 66?
11
Let v(g) = g**3 + 45*g**2 + 194*g - 9. Let k be v(-5). What is the highest common divisor of 175 and k?
7
Suppose -42 = -2*q - 4*i, -5*q + 0*i = 2*i - 121. Suppose 2*d - 130 = -0*d. Let z = d + -60. What is the greatest common divisor of q and z?
5
Let a = -410 - -414. Let j be 111/74 + 2114/a. Let k = -37 - -90. Calculate the greatest common factor of k and j.
53
Let l(c) = -c**2 + 4*c + 17. Let h be l(6). Suppose 150 = 5*w + z, -9*z = 2*w - h*z - 60. What is the highest common divisor of 70 and w?
10
Suppose -31*s = -25*s - 24. Suppose 26 = -v + 2*v + s*w, 2*w = 4. What is the highest common factor of 63 and v?
9
Let l = 12607 + -12573. Calculate the highest common factor of 6562 and l.
34
Let z(l) = 41*l + 4314. Let h be z(-105). Calculate the highest common divisor of h and 29502.
9
Let k(o) = -o**2 + 4*o + 1. Let q be k(-4). Let b = q + 57. Suppose -4*s = -4*d + 248, -7*s = -2*d - 3*s + 118. What is the greatest common factor of b and d?
13
Suppose -29*s + 13186 = 4051. Let r = 101 - 56. What is the greatest common factor of s and r?
45
Let t = -2501 - -3530. What is the greatest common divisor of t and 21?
21
Suppose -508 = 9*y - 13*y. Suppose -y = -3*c - 40. Calculate the highest common divisor of c and 232.
29
Let b = 11053 - 10689. What is the greatest common divisor of 572 and b?
52
Suppose -16*d + 225621 = 219109. What is the highest common divisor of 481 and d?
37
Suppose 49*j + 994 = 3*g + 50*j, 2*g - 2*j - 676 = 0. What is the greatest common factor of 342 and g?
9
Let t(f) be the second derivative of 5*f**3/6 + 9*f**2/2 + 31*f + 3. Let c be t(0). What is the highest common factor of 288 and c?
9
Suppose 2*o = 8, -2*o + 116 = v - 6*o. Calculate the highest common factor of v and 852.
12
Let f(v) = v**2 + v - 11. Let w be f(0). Let y = -1 + w. Let o be (y/18 + (-2)/24)*-12. What is the greatest common factor of 99 and o?
9
Let y be ((-577)/(-4))/((-4)/16). Let b = -50 - y. Calculate the greatest common factor of b and 31.
31
Let i(z) = -45*z**3 + z**2 - z. Let r be i(1). Let k = r - -48. Suppose -4 = -y - 2*u, -4*y = -k*y + u - 6. Calculate the greatest common divisor of y and 72.
8
Let c(l) = 350*l + 5668. Let z be c(34). What is the highest common divisor of 61 and z?
61
Let f be 77/16 - 792/(-4224). Calculate the greatest common divisor of f and 117.
1
Suppose -3*n + t = -10, 3*t + 6 = 2*n - n. Suppose -112 = n*k - 10*k. Let v be k + 1*(4 + -2). Calculate the highest common factor of 72 and v.
18
Let z(w) be the third derivative of w**5/20 + 5*w**4/24 + 5*w**3/2 - 3*w**2 + 2*w. Let q be z(-3). What is the highest common factor of q and 144?
9
Suppose 712 = o - 2*p, 120*p + 1460 = 2*o + 125*p. What is the highest common factor of o and 1320?
120
Let u(b) = 25*b**2 + 1 - 3 - 2 + 18*b**2. Let h be u(-2). Calculate the highest common divisor of h and 24.
24
Let o = -42 - -46. Suppose 2*k - o*z - 120 = 98, 2*k = -4*z + 242. Suppose -2*y = -6*y + a + k, -a - 3 = 0. What is the greatest common divisor of 252 and y?
28
Suppose -2*i - 32 = -4*i. Let h = 110 - -171. Suppose -c - 261 = -h. Calculate the highest common factor of i and c.
4
Let p(c) = c**2 - 63*c + 253. Let f be p(59). Calculate the highest common divisor of f and 289.
17
Suppose -16*v - 3*v = 4275. Let x = -78 - v. Calculate the greatest common factor of x and 105.
21
Let p(l) = 106*l**2 + 366*l - 13. Let r be p(-7). What is the greatest common divisor of r and 97?
97
Suppose -246 = h - 294. What is the highest common factor of 268 and h?
4
Let s = 2861 - -6793. What is the highest common factor of s and 6?
6
Suppose -g - 2*a = -116 - 55, -2*a - 167 = -g. Let m = 80 + -67. What is the greatest common factor of m and g?
13
Let l = 184 - 181. Suppose 0 = -4*q - 3*b + 913, -l*b - 444 = -2*q - 7*b. What is the greatest common factor of q and 29?
29
Let d(s) = -s**3 - 17*s**2 + 36*s - 39. Let h be d(-19). Let v be (-42)/h*4*(28 + -27). Suppose -2*y = -3*y + 21. What is the highest common factor of v and y?
21
Suppose -31 = -16*a + 2417. Calculate the highest common factor of a and 9792.
153
Suppose 2 = -2*m, -777 = -3*k - 1242*m + 1239*m. Let v be -1*12/4 - -159. What is the highest common factor of v and k?
52
Let q(v) = 124*v + 4620. Let f be q(-35). Let b(k) = 34*k**3 + k**2 - k + 1. Let h be b(1). What is the highest common factor of f and h?
35
Suppose -3*s + 116 = 21*m - 17*m, -s = 4*m - 116. Suppose -18500 = -m*d + 9*d. Calculate the greatest common divisor of d and 25.
25
Let x = -25544 - -32278. Calculate the highest common divisor of 546 and x.
182
Let z = 1256 + -1895. Let a = 1191 + z. Calculate the highest common divisor of a and 46.
46
Let b(g) = -3*g + 96. Let i be b(34). Let s be (i*(-6)/(-3))/((-6)/135). Calculate the greatest common factor of 20 and s.
10
Suppose -5*z - 4*w - 1677 + 1742 = 0, 0 = 2*z + 5*w - 43. What is the highest common divisor of z and 1503?
9
Suppose -3*f - 8 = -4*f. Let k = 266866 + -266778. Calculate the greatest common divisor of f and k.
8
Let m = 597 + -573. What is the highest common divisor of 15 and m?
3
Let x = 274 - 304. Let t be ((-32)/3 - 2)*x - 0. Calculate the highest common factor of 20 and t.
20
Let m = 1673 + -1664. What is the highest common divisor of m and 477?
9
Suppose 4*s - 13 - 3 = -2*f, 0 = 2*s + 6. Let x be (-6)/10 + 10/(-25). Let q = 22 + x. What is the greatest common factor of f and q?
7
Suppose -924*p + 1846*p - 360 = 918*p. Calculate the greatest common factor of p and 2475.
45
Let m be 2/2 - (0 - 780). Suppose -495 + 1098 = 33*i - 1740. Calculate the highest common divisor of i and m.
71
Suppose 1423 = 14*o - 5. Let z be 98/34 - (396/o - 4). Suppose 6*n - 276 = 2*n. What is the greatest common factor of n and z?
3
Let c be (140/(-14))/((-4)/(-82)). Let q = -189 - c. Calculate the highe